{"id":93,"date":"2016-04-08T10:31:03","date_gmt":"2016-04-08T08:31:03","guid":{"rendered":"http:\/\/stuffmasterben.ddns.net:54321\/WordPress\/?page_id=93"},"modified":"2016-04-08T10:31:03","modified_gmt":"2016-04-08T08:31:03","slug":"lage","status":"publish","type":"page","link":"https:\/\/burghammer.de\/?page_id=93","title":{"rendered":"Lage"},"content":{"rendered":"<p>Burghammer z\u00e4hlt zur Gemeinde Spreetal. Die Gemeinde befindet sich ca. 10 km n\u00f6rdlich von Hoyerswerda und ca. 30 km s\u00fcdlich von Cottbus. Die B 97 verl\u00e4uft durch das Gemeindegebiet.<\/p>\n<p>Das Gebiet wird vom jahrzehntelangen Braunkohlenabbau, die durch die Gemeinde flie\u00dfende Spree und die umgebenden gro\u00dfen Waldgebieten gepr\u00e4gt. Aus den verbliebenen Tagebaurestl\u00f6chern entstehen jetzt einige gr\u00f6\u00dfere Seen (z.B. Bernsteinsee und Scheibesee) des neuen Lausitzer Seenlandes. Im Norden grenzt die Gemeinde an das Land Brandenburg.<\/p>\n<p><a href=\"https:\/\/www.google.de\/maps\/place\/Burghammer,+02979+Spreetal\/@51.484376,14.386597,11z\/data=!4m2!3m1!1s0x470867f617a2341f:0xa208ec4063b3fa0?hl=de\" target=\"_blank\">bei Google Maps erkunden und Route planen<\/a><\/p>\n","protected":false},"excerpt":{"rendered":"<p>Burghammer z\u00e4hlt zur Gemeinde Spreetal. Die Gemeinde befindet sich ca. 10 km n\u00f6rdlich von Hoyerswerda und ca. 30 km s\u00fcdlich von Cottbus. Die B 97 verl\u00e4uft durch das Gemeindegebiet. Das Gebiet wird vom jahrzehntelangen Braunkohlenabbau, die durch die Gemeinde flie\u00dfende Spree und die umgebenden gro\u00dfen Waldgebieten gepr\u00e4gt. Aus den verbliebenen Tagebaurestl\u00f6chern entstehen jetzt einige gr\u00f6\u00dfere &hellip; <\/p>\n<p class=\"link-more\"><a href=\"https:\/\/burghammer.de\/?page_id=93\" class=\"more-link\"><span class=\"screen-reader-text\">\u201eLage\u201c <\/span>weiterlesen<\/a><\/p>\n","protected":false},"author":1,"featured_media":0,"parent":0,"menu_order":5,"comment_status":"closed","ping_status":"closed","template":"","meta":{"footnotes":""},"class_list":["post-93","page","type-page","status-publish","hentry"],"_links":{"self":[{"href":"https:\/\/burghammer.de\/index.php?rest_route=\/wp\/v2\/pages\/93","targetHints":{"allow":["GET"]}}],"collection":[{"href":"https:\/\/burghammer.de\/index.php?rest_route=\/wp\/v2\/pages"}],"about":[{"href":"https:\/\/burghammer.de\/index.php?rest_route=\/wp\/v2\/types\/page"}],"author":[{"embeddable":true,"href":"https:\/\/burghammer.de\/index.php?rest_route=\/wp\/v2\/users\/1"}],"replies":[{"embeddable":true,"href":"https:\/\/burghammer.de\/index.php?rest_route=%2Fwp%2Fv2%2Fcomments&post=93"}],"version-history":[{"count":0,"href":"https:\/\/burghammer.de\/index.php?rest_route=\/wp\/v2\/pages\/93\/revisions"}],"wp:attachment":[{"href":"https:\/\/burghammer.de\/index.php?rest_route=%2Fwp%2Fv2%2Fmedia&parent=93"}],"curies":[{"name":"wp","href":"https:\/\/api.w.org\/{rel}","templated":true}]}}